{"id":97,"date":"2021-03-19T13:29:47","date_gmt":"2021-03-19T12:29:47","guid":{"rendered":"https:\/\/sylter-fahrradverleih.de\/?page_id=97"},"modified":"2021-10-20T09:27:09","modified_gmt":"2021-10-20T07:27:09","slug":"gutscheine","status":"publish","type":"page","link":"https:\/\/sylter-fahrradverleih.de\/gutscheine","title":{"rendered":"Gutscheine"},"content":{"rendered":"<h2 class=\"has-text-align-center wp-block-heading\" id=\"das-perfekte-geschenk-fuer-fahrradliebhaber\">Das perfekte Geschenk f\u00fcr Fahrradliebhaber<\/h2>\n\n\n<p class=\"has-text-align-center intro\">Jetzt einen M+M Fahrradverleih-Gutschein bestellen und im Onlineshop oder an einem unserer 9 M+M Fahrradverleih-Standorte auf Sylt einl\u00f6sen. <br>Der Gutschein kann auf das gesamte M+M Angebot (Leihgeb\u00fchr, Kauf, Reparatur und Service) eingel\u00f6st werden.<\/p>\n\n\n\n<coupon-browse success-redirect=\"kasse\/\"><\/coupon-browse>\n","protected":false},"excerpt":{"rendered":"<p>Das perfekte Geschenk f\u00fcr Fahrradliebhaber Jetzt einen M+M Fahrradverleih-Gutschein bestellen und im Onlineshop oder an einem unserer 9 M+M Fahrradverleih-Standorte auf Sylt einl\u00f6sen. Der Gutschein kann auf das gesamte M+M Angebot (Leihgeb\u00fchr, Kauf, Reparatur und Service) eingel\u00f6st werden.<\/p>\n","protected":false},"author":1,"featured_media":0,"parent":0,"menu_order":19,"comment_status":"closed","ping_status":"closed","template":"","meta":{"_acf_changed":false,"_seopress_robots_primary_cat":"","_seopress_titles_title":"","_seopress_titles_desc":"","_seopress_robots_index":"","footnotes":"","_links_to":"","_links_to_target":""},"class_list":["post-97","page","type-page","status-publish","hentry"],"acf":[],"_links":{"self":[{"href":"https:\/\/sylter-fahrradverleih.de\/api\/wp\/v2\/pages\/97","targetHints":{"allow":["GET"]}}],"collection":[{"href":"https:\/\/sylter-fahrradverleih.de\/api\/wp\/v2\/pages"}],"about":[{"href":"https:\/\/sylter-fahrradverleih.de\/api\/wp\/v2\/types\/page"}],"author":[{"embeddable":true,"href":"https:\/\/sylter-fahrradverleih.de\/api\/wp\/v2\/users\/1"}],"replies":[{"embeddable":true,"href":"https:\/\/sylter-fahrradverleih.de\/api\/wp\/v2\/comments?post=97"}],"version-history":[{"count":11,"href":"https:\/\/sylter-fahrradverleih.de\/api\/wp\/v2\/pages\/97\/revisions"}],"predecessor-version":[{"id":878,"href":"https:\/\/sylter-fahrradverleih.de\/api\/wp\/v2\/pages\/97\/revisions\/878"}],"wp:attachment":[{"href":"https:\/\/sylter-fahrradverleih.de\/api\/wp\/v2\/media?parent=97"}],"curies":[{"name":"wp","href":"https:\/\/api.w.org\/{rel}","templated":true}]}}

<h2 class="has-text-align-center wp-block-heading" id="das-perfekte-geschenk-fuer-fahrradliebhaber">Das perfekte Geschenk für Fahrradliebhaber</h2>


<p class="has-text-align-center intro">Jetzt einen M+M Fahrradverleih-Gutschein bestellen und im Onlineshop oder an einem unserer 9 M+M Fahrradverleih-Standorte auf Sylt einlösen. <br>Der Gutschein kann auf das gesamte M+M Angebot (Leihgebühr, Kauf, Reparatur und Service) eingelöst werden.</p>



<coupon-browse success-redirect="kasse/"></coupon-browse>

<p>Das perfekte Geschenk für Fahrradliebhaber Jetzt einen M+M Fahrradverleih-Gutschein bestellen und im Onlineshop oder an einem unserer 9 M+M Fahrradverleih-Standorte auf Sylt einlösen. Der Gutschein kann auf das gesamte M+M Angebot (Leihgebühr, Kauf, Reparatur und Service) eingelöst werden.</p>
